
What is the highest common divisor of 5126565 and 15?
15
What is the greatest common factor of 3034432 and 22304?
544
Calculate the greatest common divisor of 89692 and 10234.
34
What is the greatest common divisor of 546905 and 62679?
1229
What is the highest common divisor of 618 and 176826?
6
What is the greatest common divisor of 14122 and 8901?
23
What is the greatest common divisor of 2193 and 607284829?
731
What is the highest common factor of 1575 and 233293410?
315
What is the greatest common factor of 11062674 and 9387?
63
What is the greatest common divisor of 21166652 and 1747?
1747
Calculate the highest common divisor of 5098177 and 85547.
707
Calculate the highest common factor of 54360 and 36315720.
360
What is the highest common factor of 54 and 159948468?
18
What is the highest common divisor of 1602 and 42029271?
801
What is the highest common divisor of 735680 and 25232?
304
What is the highest common factor of 74396 and 3528?
28
What is the highest common factor of 4320 and 19660?
20
Calculate the greatest common factor of 1771758 and 823450.
766
What is the greatest common factor of 10061 and 3?
1
What is the greatest common factor of 15678 and 5698082?
1742
What is the greatest common factor of 1863 and 2275390?
23
What is the highest common divisor of 17828739 and 12141?
639
What is the greatest common factor of 6875 and 27467?
11
What is the greatest common divisor of 588 and 161812?
28
Calculate the highest common divisor of 189 and 15652455.
21
What is the highest common divisor of 1611 and 2269404?
9
Calculate the highest common factor of 22 and 171458342.
22
Calculate the greatest common factor of 6847430 and 22282.
1714
Calculate the highest common divisor of 1901922 and 132.
66
Calculate the greatest common factor of 840 and 4800544.
56
What is the highest common factor of 47 and 46297115?
47
What is the greatest common factor of 5649 and 46255895?
1883
Calculate the greatest common factor of 751013526 and 2568.
642
Calculate the highest common factor of 5840 and 44042360.
2920
Calculate the highest common factor of 3631824 and 864.
432
What is the highest common divisor of 376 and 6627456?
8
What is the highest common factor of 723 and 108391?
1
What is the greatest common factor of 1614981 and 1450?
29
What is the greatest common divisor of 109740441 and 3384?
141
What is the highest common divisor of 50295 and 548700?
15
Calculate the highest common divisor of 14 and 1137713871.
7
Calculate the highest common divisor of 286 and 628589.
13
Calculate the greatest common divisor of 150 and 184374.
6
Calculate the greatest common divisor of 816 and 3821244.
12
What is the greatest common divisor of 3032107 and 13?
13
Calculate the highest common factor of 214200 and 108290.
1190
Calculate the highest common divisor of 1588465816 and 532.
532
What is the greatest common factor of 14 and 24640546?
14
Calculate the greatest common divisor of 2400 and 1076850.
150
What is the greatest common divisor of 261977739 and 303?
303
Calculate the greatest common divisor of 559044 and 779673.
879
Calculate the greatest common factor of 680679 and 4611.
159
Calculate the greatest common divisor of 99176 and 2953016.
2024
Calculate the highest common divisor of 300246 and 1428858.
978
What is the highest common divisor of 1591296 and 45066?
1554
Calculate the highest common divisor of 45548985 and 639.
213
Calculate the highest common divisor of 22122800 and 1512.
56
Calculate the greatest common factor of 2214 and 9808758.
738
What is the greatest common divisor of 88672527 and 81?
9
What is the greatest common divisor of 3893 and 2502283?
229
What is the greatest common divisor of 76113 and 183024?
9
What is the highest common factor of 44866608 and 24?
24
Calculate the highest common factor of 1639803 and 33.
33
Calculate the highest common factor of 849590 and 1087772.
742
Calculate the greatest common factor of 19089 and 2569077.
189
What is the greatest common factor of 357317 and 23463?
79
Calculate the greatest common factor of 1070903 and 30199.
2323
Calculate the highest common factor of 9 and 3786678.
9
Calculate the highest common factor of 38565995 and 13.
13
Calculate the greatest common factor of 192985 and 155.
5
Calculate the greatest common divisor of 1113 and 10545993.
159
What is the greatest common divisor of 1730413 and 119?
17
What is the greatest common divisor of 38 and 66611093?
19
Calculate the greatest common factor of 1498 and 703314745.
749
What is the greatest common factor of 284 and 23164318?
142
Calculate the highest common divisor of 127195462 and 172.
86
What is the highest common divisor of 27612882 and 264?
66
What is the highest common factor of 223065 and 35?
5
What is the greatest common divisor of 31455885 and 255?
15
Calculate the highest common divisor of 725199 and 37495981.
4561
What is the highest common divisor of 150766 and 2429?
7
What is the greatest common factor of 626623 and 1?
1
What is the highest common factor of 3539058 and 4952202?
6198
Calculate the highest common divisor of 10 and 1641257790.
10
What is the greatest common factor of 639 and 1244959227?
639
What is the highest common factor of 64256 and 1072?
16
What is the highest common factor of 36329902 and 96152?
1414
Calculate the highest common divisor of 13 and 58989099.
13
Calculate the highest common divisor of 3 and 49686951.
3
Calculate the highest common divisor of 17849 and 186020905.
1373
What is the highest common factor of 51253 and 477563?
479
What is the greatest common factor of 358 and 34598194?
358
What is the highest common factor of 76047073 and 8003?
151
What is the highest common factor of 4069 and 155911873?
4069
What is the greatest common factor of 14877500 and 3300?
1100
Calculate the greatest common factor of 2240835 and 341295.
915
Calculate the greatest common divisor of 3222 and 1956330.
18
What is the highest common divisor of 5474 and 92874?
46
What is the highest common factor of 29371944 and 4032?
168
What is the greatest common divisor of 6808 and 5369810?
1702
What is the highest common divisor of 30366 and 26250?
42
What is the greatest common divisor of 46982064 and 2624?
656
What is the greatest common factor of 54128 and 4374219?
3383
Calculate the greatest common divisor of 29652 and 48033.
3
What is the greatest common factor of 112 and 3973564?
28
Calculate the highest common divisor of 64219881 and 7824.
489
What is the greatest common divisor of 48 and 72822176?
16
Calculate the highest common divisor of 2112 and 1712777.
11
Calculate the highest common factor of 3124 and 17468.
44
What is the highest common factor of 2976732 and 27522?
198
Calculate the highest common factor of 1168150 and 6100.
3050
Calculate the greatest common factor of 67982 and 2293498.
3578
Calculate the highest common divisor of 810 and 7121850.
30
What is the highest common factor of 23260 and 1852040?
20
What is the highest common divisor of 5994731 and 314?
157
Calculate the greatest common divisor of 3793 and 7648.
1
Calculate the highest common factor of 62172 and 16704.
36
Calculate the highest common factor of 7999155 and 1620.
405
Calculate the greatest common divisor of 3981635 and 1400.
35
Calculate the highest common factor of 1357839 and 26509.
49
What is the greatest common divisor of 74499 and 969?
57
What is the greatest common divisor of 8513702 and 34?
34
Calculate the greatest common divisor of 425 and 14124280.
85
What is the highest common divisor of 462 and 4168560?
66
What is the highest common factor of 41760 and 10520?
40
Calculate the greatest common factor of 278080 and 86110.
790
Calculate the greatest common factor of 1407 and 87360.
21
What is the greatest common divisor of 395 and 658843015?
395
Calculate the highest common factor of 33097 and 6049.
23
Calculate the greatest common divisor of 277800336 and 4482.
1494
What is the highest common divisor of 305915 and 26491?
59
What is the greatest common factor of 15 and 24027735?
15
What is the highest common factor of 33462123 and 9615?
1923
What is the highest common factor of 1404 and 13563966?
78
Calculate the highest common divisor of 372929 and 12767.
17
Calculate the greatest common divisor of 203938458 and